- 2. Calculate u(g).
6
Let j(b) = -b - 1. Suppose 12 - 28 = 4*h. Let p be j(h). Let n(u) = -u**3 + u**2 + 3*u - 2. What is n(p)?
-11
Let j(b) be the first derivative of -b**4/4 + b**3 - b**2/2 - 2*b - 508. Suppose -4 - 2 = -3*t. Determine j(t).
0
Let t(j) = -j**3 + 7*j**2 - 4*j - 1. Let d(a) = a**2 + 2*a - 2. Let k be (10/4)/((-55)/(-44)). Let l be d(k). What is t(l)?
11
Suppose -1 = -n + 2*n + 2*a, 5*a = 5. Let i = -44 + 49. Let l(t) = -t - 1 + 2 - i*t + 5*t. Calculate l(n).
4
Let t(p) = -p - 11. Let j be t(-7). Let z = j + 9. Let l(f) = -11*f + 25*f - 5*f**2 + 4*f**2 - 10*f + 7. Determine l(z).
2
Let c(k) = -14*k**2 - 12*k + 1. Let l(w) = -37*w**2 - 37*w + 4. Let f(s) = 8*c(s) - 3*l(s). Determine f(6).
50
Let v(t) be the first derivative of -t**4/4 - t**3 + t**2 + 2*t - 41. Suppose 3*f = 4*f. Suppose 0 = -4*j - 5*n - 2, f = 3*j + 2*n + 5. Give v(j).
-4
Let q(w) be the second derivative of -w**6/120 - w**5/12 + 7*w**4/24 + 3*w**3/2 - 13*w**2/2 + 9*w. Let t(o) be the first derivative of q(o). What is t(-6)?
3
Let k be 3 - (5/((-5)/4) + 0). Let i be 9 - (k/(-14) + 18/4). Let m(l) = l**3 - 5*l**2 - 2*l - 3. What is m(i)?
-13
Suppose -50 = -3*s - 2*s. Suppose -s*x + 8 = -8*x. Let m(l) = 4*l**2 - x*l**2 - l**2 + l**3 + 0*l**2 + 1. Give m(1).
1
Let t(u) be the second derivative of -u**8/6720 + u**7/420 - u**6/360 - u**5/60 + 11*u**4/12 + 3*u. Let h(d) be the third derivative of t(d). Calculate h(5).
13
Let k(z) = 2*z - 1. Suppose -72 = 4*g + 4*g. Let s(i) = 6*i + 58. Let v be s(g). What is k(v)?
7
Let m(h) = -h**3 - 10*h**2 + 11*h + 15. Suppose -4*f = x + 42, -21 - 42 = 5*f - 4*x. What is m(f)?
15
Let g(b) be the third derivative of b**6/120 - b**5/12 - b**4/12 + b**3/3 + 45*b**2. Calculate g(5).
-8
Let r(h) = h**3 - 8*h**2 - 9*h - 1. Let k be r(9). Let n be (0 + 2)*(-7)/14. Let p be k*(n - 2)*-1. Let s(q) = q**2 + 3*q - 4. What is s(p)?
-4
Let r be -2*(-3 + 5) + 10. Suppose r*v - 5 = v, 18 = 5*c - 2*v. Let h(b) = 9*b + 20. Let d(f) = 5*f + 10. Let w(o) = c*h(o) - 7*d(o). Give w(-6).
4
Let n(u) = 3*u + 3. Let k(r) = -20*r - 442. Let f be k(-22). Give n(f).
-3
Let o = 155 + -151. Let r(f) = 2*f + o - 3*f - 4 + 6. Calculate r(11).
-5
Let t(o) = 8 + 59*o**2 + 61*o**2 + 5*o - o**3 - 180*o**2 + 56*o**2. What is t(-5)?
8
Let q be 7/84 + 423/108. Let l(c) = -c**3 + 2*c**2 + 6*c + 5. What is l(q)?
-3
Let w(v) = 3*v + 1. Let r(l) = 5*l**3 + 2*l**2 - 27*l - 28. Let p be r(-1). Give w(p).
-11
Let o(w) be the first derivative of w**3 + 9*w**2 + 2*w - 235. What is o(-6)?
2
Let k be (20 - 0) + (-1 - -1). Suppose o = -50 + 66. Let i = k - o. Let x(n) = -n**2 - 2*n + 6. What is x(i)?
-18
Suppose -2*l + 3 = 1, 2*q = -3*l + 3. Let o(u) = 3*u + 3. Give o(q).
3
Let d = 62 + -59. Let o(h) be the third derivative of 0 - 1/120*h**6 + 1/20*h**5 + 2/3*h**d + 0*h - 4*h**2 - 1/8*h**4. What is o(3)?
-5
Let i(w) be the second derivative of w**4/12 + 5*w**3/6 + 5*w**2/2 - 219*w. Calculate i(-7).
19
Suppose 3*h + 5*u + 32 = 0, u - 4 = -2*h + 4*u. Let t(g) = -3*g - 42 + g**3 + 88 + 4*g**2 - 45. Give t(h).
13
Let u(c) be the second derivative of 11*c**5/20 + c**3/6 + 30*c. Calculate u(1).
12
Let p(c) = 2*c**3 - 6*c**2 + 3*c + 3. Let d(j) = -3*j**3 + 11*j**2 - 6*j - 6. Let a(r) = 6*d(r) + 11*p(r). Give a(-2).
-29
Let p(s) be the first derivative of -s**5/60 + 7*s**3/6 - 3*s**2 + 5. Let q(m) be the second derivative of p(m). Calculate q(5).
-18
Let a(r) = -r**2 + 7*r + 17. Suppose o = 5*c - 16, o - 2*c + 1 = -0*c. Let z be a(o). Let t(p) = -13*p**2 + p. Determine t(z).
-14
Let s(i) be the first derivative of -1/3*i**3 + 5*i - 7/2*i**2 - 23. Determine s(-7).
5
Let m(r) = -r + 4. Let x(p) = -p - 3. Let k be x(-7). Suppose 13 = -5*u - 5*g + 83, k*u - 3*g = 42. Suppose u*d + 21 = 15*d. Give m(d).
-3
Let y(x) = -32 + 11 + 9 + 11 - 2*x - x**2. Give y(-3).
-4
Let f(k) be the first derivative of -k**2/2 - 11*k - 368. Let a = 15 - 22. Let d = a - -2. Calculate f(d).
-6
Let i = 86 + -82. Let n(o) = -6*o**2 - 41*o + 21. Let h(x) = x**2 + 8*x - 4. Let b(r) = -11*h(r) - 2*n(r). Determine b(i).
-6
Let k(h) be the second derivative of h**4/24 + h**3/6 + 3*h**2 - 33*h. Let f(p) be the first derivative of k(p). Determine f(-5).
-4
Let s be (-450)/27 - 2/6. Let z(v) = 20*v**2 - 9*v - 23. Let x(g) = -7*g**2 + 3*g + 8. Let y(l) = s*x(l) - 6*z(l). Give y(3).
2
Suppose 5*g - g = 5*q + 33, -g - q - 3 = 0. Suppose 0 = -5*r - 20, 4 = 5*l + g*r - 13. Let f(w) = -4*w + 0*w - w**2 + 5*w + l. Determine f(-4).
-15
Let u(t) = t**2 + t - 16. Let o be (-5)/(-3 + (-20)/(-8)). Let r be ((-15)/o)/(3/(-6)). Suppose -s = -g - 3, -4*s + r*g + 9 = s. What is u(s)?
-16
Let p(r) be the second derivative of r**3/6 - 10*r**2 - 277*r. Determine p(0).
-20
Let h(q) be the third derivative of q**4/24 + q**3/3 + 6*q**2. Let m be h(3). Let l(k) = k**3 - 4*k**2 - 6*k + 3. Calculate l(m).
-2
Let v(j) be the third derivative of j**4/24 - j**3/2 - 23*j**2. Calculate v(2).
-1
Let k = 10 - 15. Let w(r) = r**2 + 3*r - 5. Let s be w(k). Let o(n) = -n**2 + 1 - 1 + s*n + 3 - 1. Calculate o(6).
-4
Let c(j) = -20*j - 29. Let q(h) = -13*h - 18. Let y(r) = -5*c(r) + 8*q(r). Determine y(-8).
33
Let x be (-9*3/18)/((-5)/50). Let a(b) = -b**2 + 15*b + 18. Calculate a(x).
18
Let m be ((-24)/(-14) + (-12)/(-42))*1. Let f(g) be the third derivative of 1/2*g**3 - 1/60*g**5 + 2*g**m + 1/12*g**4 + 0 + 0*g. What is f(-2)?
-5
Let c = 5 + 1. Let g(z) = -c*z + 0*z + 3 + 5*z. Let v = 37 + -33. Calculate g(v).
-1
Let j(o) = o - 40. Let b(q) = -14. Let l(c) = 11*b(c) - 4*j(c). Determine l(4).
-10
Let m(s) = s - 2. Let y(z) = 8*z**2 - 4*z + 5. Let w be y(1). Give m(w).
7
Let f = 6 - 4. Suppose -f = -g - g. Let q(w) = -5 + g - w - 1. Determine q(-5).
0
Let a(h) = 20*h**2 + 17*h + 20. Let d(z) be the second derivative of -7*z**4/12 - z**3 - 7*z**2/2 - z + 3. Let v(j) = -6*a(j) - 17*d(j). Give v(-2).
-5
Let h(n) be the third derivative of n**6/120 + 7*n**5/60 + n**4/6 - 5*n**3/3 - 26*n**2. What is h(-6)?
2
Let s(g) be the second derivative of g**5/20 - g**4/3 - 2*g**3/3 - g**2 + g. Suppose -2*i - 13 = -3, 4*r + 5*i + 5 = 0. What is s(r)?
3
Let w(a) = 5*a**3 + 2*a**2 - 2*a + 1. Suppose 3*x - 3*f + 30 = 0, 2*x + 5*f = -34 - 7. Let z = x - -5. Let p(o) = -o**2 - 8*o + 1. Let r be p(z). What is w(r)?
6
Let y(d) be the second derivative of d**4/12 - d**3/3 - d**2/2 - 745*d. Give y(4).
7
Let n(g) = 5*g**2 - 19*g - 10. Let w = 3 - 0. Let f(u) = 2*u**2 - 6*u - 3. Let h(l) = w*n(l) - 8*f(l). Let d be 8/(10/(-1) + 9). Determine h(d).
2
Let u(j) be the first derivative of j - 1/2*j**2 + 2 + 5/3*j**3. What is u(1)?
5
Let l(g) = 3*g**2 + 4*g - 1. Let i(x) = 7*x**2 + 9*x - 3. Let y be -4 + 2*9/2. Let d(a) = y*l(a) - 2*i(a). Calculate d(-2).
1
Let w(p) be the first derivative of -2*p**3/3 + 3*p**2/2 - 4*p + 291. Suppose 5*k = -4*n + 2, -3*k = 3*n - 6*k - 15. Give w(n).
-13
Let n(t) = t**2 + 19*t - 40. Let x be n(-21). Let c(z) = -3*z + 28. Let y(v) = -v + 9. Let w(q) = x*c(q) - 7*y(q). Determine w(6).
-1
Let i(a) = a**2 + 8*a - 6. Suppose -4*x - 38 = -2*r, -58 = -4*r - x + 54. Suppose -r*w = -31*w - 32. Determine i(w).
-6
Let z(s) = 3*s + 23. Let a be z(-5). Let c(u) = u**2 - 8 - a*u + 2*u + 11. What is c(6)?
3
Let b(x) = x + 24. Suppose -186*g = -195*g. Give b(g).
24
Let x(w) be the first derivative of -8*w**3/3 + 3*w**2/2 + 4*w + 190. Give x(-1).
-7
Let s(j) = -j**2 - 22*j. Let z be s(-22). Let g(f) = -3*f**3 - f**2 + 2 - 3 + 2*f**3 + z*f**2. Calculate g(0).
-1
Let l(p) = 20*p - 26. Let z(u) = u - 7. Let t be z(4). Let b be 3 - 4/(-12)*t. Let h(c) = -4*c + 5. Let n(o) = b*l(o) + 11*h(o). Give n(-3).
15
Let u(h) = -h**3 + 6*h**2 - 3*h - 4. Let p be u(3). Let t = p + 1. Let i = -10 + t. Let k(x) = 2*x. Determine k(i).
10
Suppose -c - 19 = -m - 2*c, 0 = 5*m + 4*c - 96. Suppose 4*f - 4*s = m, 6*s + 6 = 4*s. Let q(l) = -2*l**3 + l + 0*l + l**3 + 4*l**2. Calculate q(f).
10
Let w(n) be the second derivative of -14*n + 0 - 1/3*n**3 - 3/2*n**2. Determine w(-3).
3
Let f(q) = q**2 - 4*q. Let n be 3/2 + (-3)/((-12)/14). What is f(n)?
5
Let l(t) be the second derivative of t**6/120 - t**4/24 - 2*t**3/3 - 4*t**2 - 22*t. Let r(s) be the first derivative of l(s). Determine r(0).
-4
Let w(q) = -3*q**2 - 3*q + 2. Let x be (3/4)/((-13)/52). Determine w(x).
-16
Let d(i) = -i + 1. Let n(s) = 1